ate the highest common divisor of k and 432.
48
Let x be 0/1 + 6*4. Suppose 4*q + 629 = -5*r, 5*r - 4*r = 3. Let f = 164 + q. What is the highest common factor of f and x?
3
Suppose 2*g = -35 + 39. Let u(j) = -6*j - 6*j - j**2 - 9 + 2*j + 0*j**g. Let k be u(-3). Calculate the greatest common divisor of 8 and k.
4
Suppose 4*u - 45 = -7*o + 2*o, 4*o = 3*u + 5. Suppose b - 4 - 26 = -2*k, 15 = b + o*k. Let d = b + -20. What is the highest common divisor of d and 5?
5
Let b(m) = 93*m**2 + 3*m - 14. Let f be b(3). What is the greatest common factor of f and 8?
8
Suppose -8*n - 2*k + 38 = -4*n, -n + 17 = 3*k. Let f be n/((-3)/(-3 - 3)). Suppose 19*g - 33 = f*g. What is the greatest common divisor of 1 and g?
1
Let x be (-36)/(-6) + 22190 - (8 - 6). Calculate the highest common divisor of x and 9.
9
Let r = -12862 + 22925. What is the highest common factor of r and 29?
29
Let d = 38612 - 35668. What is the greatest common divisor of 40 and d?
8
Suppose 2*g + 2*g = 136. Let t be (-3 + 21/6)*30/3. Suppose -5*o - 2*k = -k - 336, 3*o - t*k - 224 = 0. What is the highest common factor of o and g?
34
Suppose 48 = -34*u + 42*u. Suppose -84 = u*x - 546. Calculate the greatest common divisor of x and 11.
11
Let s be (102/(-510))/((-344)/(-115) + -3). Calculate the highest common divisor of s and 391.
23
Let z be (-72)/39 + (-2)/13 + 39. Let p(i) = 4*i**2 + 3*i - 4. Let x be p(5). Calculate the greatest common divisor of z and x.
37
Suppose -32841*i + 32839*i = -1848. Calculate the highest common divisor of 1881 and i.
33
Let z(g) = 5*g - 1. Let w(m) = -m. Let t(k) = 6*w(k) + z(k). Let n be t(-10). Let r be ((-4)/(-3))/(1/n). What is the greatest common divisor of 12 and r?
12
Suppose 44*p + 7 = 45*p. Let h = 11 - 8. Suppose h*u + 5*c = 49, p = u - 0*u + 4*c. What is the greatest common divisor of u and 115?
23
Let b be (-49 - -51)*-51*51/(-18). Calculate the highest common divisor of b and 136.
17
Let z(i) = -14*i - 362. Let g be z(-28). What is the greatest common divisor of 410 and g?
10
Suppose 0 = 3*v - 8*a + 3*a - 776, -5*a = -v + 272. Suppose -v = -28*r + 3248. Calculate the highest common divisor of 25 and r.
25
Let n be (-5)/(245/(-14)) - (-5391)/21. Suppose -n*w + 210 = -250*w. Calculate the highest common factor of 30 and w.
30
Let w = -2820 - -5757. What is the greatest common factor of w and 33?
33
Suppose 17 = 3*o - 5*t, 4*t = 6*o - 3*o - 16. Let i be (-2)/o - 122/(-4). Suppose 0*c = c - i. What is the highest common divisor of c and 75?
15
Suppose 3*y = -8*y + 462. Let s = y + -10. Calculate the highest common divisor of s and 104.
8
Let s = 3414 - 2759. What is the highest common divisor of 5 and s?
5
Let g = 35 + 60. Suppose 4*u + 5*k - 855 = 0, -k = 26*u - 22*u - 859. Let o = u - g. What is the highest common divisor of 48 and o?
24
Suppose h = 3 + 2. Suppose -32 = -h*y + 48. Suppose -11 = 2*w - 5*w + 4*r, 4*r - y = 0. What is the greatest common factor of 99 and w?
9
Let f(w) = -w**3 + 7*w**2 + 23*w - 5. Let l = 274 - 267. Let t be f(l). Calculate the greatest common factor of 84 and t.
12
Suppose 4*n - 40 = -2*a, -3*a + 2*n + 28 = -2*a. Suppose -3*q = 15, -3*q + 264 = 2*v + 87. What is the greatest common factor of a and v?
24
Let o be (-8)/20*15/(-1). Let u be (-18)/3 + (-13 - -46). Suppose 0 = -73*x + 70*x + u. Calculate the highest common divisor of o and x.
3
Let a = -237 - -245. Let j(r) = 2 + 16*r - 6 - 4. Let b be j(6). Calculate the greatest common divisor of b and a.
8
Let h = -38633 - -38635. Calculate the highest common factor of 149 and h.
1
Let v = 59514 - 28450. Calculate the greatest common factor of 88 and v.
88
Suppose -3*u + r = -223, 53 = u + 10*r - 5*r. Calculate the highest common divisor of 219 and u.
73
Suppose 17*x - 8652 + 957 = -28*x. Calculate the highest common factor of 1045 and x.
19
Let w be (4/(-50) + (-1551996)/1425)/(4/(-10)). Calculate the greatest common factor of 21 and w.
7
Suppose 42*k + 46*k - 28753 - 23343 = 0. Calculate the highest common divisor of 851 and k.
37
Let q = -951 - -957. Let i be 2 - 2/(-4 + 2). Let s be (i/(-2))/((-3)/4). Calculate the greatest common divisor of s and q.
2
Suppose -2*d + d + 25 = 4*f, 2*f = 2*d. Suppose 20 = 5*s, -f*s - 68 = -3*n - 7*s. What is the highest common factor of 36 and n?
4
Let x(f) = 18*f**2 + 44*f - 270. Let s be x(11). What is the greatest common factor of 92 and s?
92
Let b(k) = 354*k + 35418. Let t be b(-99). Let g(p) = 23*p**3 + 2*p**2 - 2*p + 1. Let o be g(1). Calculate the greatest common divisor of o and t.
12
Suppose 213 = 14*i - 0*i - 25. Calculate the greatest common factor of 255 and i.
17
Let h(v) = -200*v + 284. Let j be h(1). What is the greatest common divisor of j and 1869?
21
Suppose u - 2*u + 73 = 0. Suppose 5*q - u = 22. Suppose 3*s - 89 - q = 0. Calculate the greatest common factor of s and 9.
9
Let a(w) = w**3 - 14*w**2 - 5*w + 11. Let n be a(10). Let o = n - -628. Calculate the highest common divisor of 42 and o.
21
Let x = -921 - -923. Let v(u) = 67*u - 98. Let r be v(x). Let q(d) = -d**3 - d**2 - d + 12. Let i be q(0). Calculate the highest common factor of r and i.
12
Let u(r) = 12*r + 2943. Let f be u(-149). What is the greatest common divisor of 1485 and f?
165
Let d = -40 - -58. Suppose 56*b + h = 59*b - 182, 8*b - 4*h = 488. What is the greatest common factor of d and b?
6
Let x(a) = 37*a - 661. Let f be x(19). Calculate the greatest common divisor of 462 and f.
42
Suppose 0 = l - 124 + 8. Let i be (-4)/(-38) - (-11 + 50880/(-380)). What is the greatest common factor of l and i?
29
Suppose -3*k = -k + v - 51, 4*k - 2*v - 90 = 0. Let l be 4/4 + (7 - -8). What is the greatest common factor of k and l?
8
Let o(b) = b + 1. Let k(p) = p. Let l(s) = -4*k(s) + 3*o(s). Let u be l(-5). Calculate the greatest common factor of 2 and u.
2
Suppose -28 = -4*q - 44. Let m be (22/q)/((-106)/19716). Calculate the highest common factor of 33 and m.
33
Let n(a) be the first derivative of a**3 + 12*a**2 + 2*a - 30. Let s be n(-8). Let g be s + 1 + (-20)/5 + 5. Calculate the highest common factor of g and 4.
4
Suppose 17*t - 107*t = -21600. Calculate the greatest common factor of 8 and t.
8
Let w = 38 + 5. Suppose 0 = -5*u + w + 97. Let p = u + -13. Calculate the highest common factor of 15 and p.
15
Let s(v) = -16*v**2 + 1035*v + 188. Let o be s(64). Calculate the greatest common factor of o and 8.
4
Let g = -214 + 218. Suppose g*c + 5*j - 46 = 30, c - j - 10 = 0. Calculate the highest common factor of 161 and c.
7
Suppose -o + 2*b = -17 + 6, 0 = 2*o - 5*b - 22. Let d be (-6)/54*33*(-127 - (8 - 0)). What is the greatest common divisor of o and d?
11
Let d(j) = 356*j**2 + 11*j + 24. Let f be d(-2). What is the highest common factor of 434 and f?
62
Suppose 0 = 3*q + 20*q - 92. Suppose o = 3*s - o - 63, -q*s - 4*o + 104 = 0. Let a = -6 + 29. Calculate the greatest common divisor of a and s.
23
Let m(n) = 189*n - 798. Let t be m(12). Calculate the highest common factor of 30 and t.
30
Let a = 971 + -871. Let i be 167/11 - a/550. Suppose -4*f + 57 - 17 = 0. Calculate the highest common divisor of f and i.
5
Let y = 637 - 1057. Let h = -392 - y. What is the highest common factor of h and 4?
4
Let z be 42/8 - 1/(-12)*-3. Let l be (1 - z/10)*-10. Let b(d) = 3*d**2 + 4*d + 7. Let q be b(l). What is the greatest common factor of q and 155?
31
Let z = 322 + -217. Let c(h) = 30*h + 8. Let a be c(3). Suppose 3*d + 8 = a. What is the highest common factor of z and d?
15
Suppose 0 = 3*h - 2*h - 11. Let m be 16 - -3*(h/3 - 4). Calculate the greatest common divisor of 165 and m.
15
Let x be (-147)/(-42)*-8 - -98. Suppose 3*f + 501 = 2181. Calculate the highest common divisor of x and f.
70
Let u(h) = -h**2 - 19*h - 55. Let v be 4/9 - (-31)/(-9) - 6. Let s be u(v). Calculate the highest common divisor of s and 77.
7
Let t be -9 + 1 + 75/5 - -70. Calculate the greatest common factor of 4928 and t.
77
Suppose -16899 = -34*x + 12171. What is the greatest common divisor of x and 1440?
45
Suppose 52*n - 49*n + 27 = 0. Let y be (-2590)/(-6) - ((-168)/18 - n). Calculate the highest common divisor of 27 and y.
27
Let c = -37 - -229. Suppose 34*b - 343 = 65. What is the greatest common divisor of c and b?
12
Suppose -35*o + 39*o - 336 = 0. Let w be o/(-168) - 105/(-2).